{"id":409,"date":"2020-12-29T12:05:28","date_gmt":"2020-12-29T12:05:28","guid":{"rendered":"https:\/\/themes.muffingroup.com\/be\/farm2_el\/?page_id=409"},"modified":"2022-07-17T20:03:16","modified_gmt":"2022-07-17T20:03:16","slug":"invierte-con-nosotros","status":"publish","type":"page","link":"https:\/\/sanctaterra.com.mx\/index.php\/invierte-con-nosotros\/","title":{"rendered":"Invierte"},"content":{"rendered":"\t\t<div data-elementor-type=\"wp-page\" data-elementor-id=\"409\" class=\"elementor elementor-409\">\n\t\t\t\t\t\t\t\t\t<section class=\"elementor-section elementor-top-section elementor-element elementor-element-23a76d9 elementor-section-full_width elementor-section-stretched elementor-section-height-default elementor-section-height-default\" data-id=\"23a76d9\" data-element_type=\"section\" data-settings=\"{&quot;stretch_section&quot;:&quot;section-stretched&quot;,&quot;background_background&quot;:&quot;classic&quot;}\">\n\t\t\t\t\t\t<div class=\"elementor-container elementor-column-gap-no\">\n\t\t\t\t\t<div class=\"elementor-column elementor-col-100 elementor-top-column elementor-element elementor-element-8e8f596\" data-id=\"8e8f596\" data-element_type=\"column\" data-settings=\"{&quot;background_background&quot;:&quot;classic&quot;}\">\n\t\t\t<div class=\"elementor-widget-wrap elementor-element-populated\">\n\t\t\t\t\t\t\t\t<div class=\"elementor-element elementor-element-8d0ba08 elementor-widget elementor-widget-image\" data-id=\"8d0ba08\" data-element_type=\"widget\" data-widget_type=\"image.default\">\n\t\t\t\t<div class=\"elementor-widget-container\">\n\t\t\t<style>\/*! elementor - v3.6.7 - 03-07-2022 *\/\n.elementor-widget-image{text-align:center}.elementor-widget-image a{display:inline-block}.elementor-widget-image a img[src$=\".svg\"]{width:48px}.elementor-widget-image img{vertical-align:middle;display:inline-block}<\/style>\t\t\t\t\t\t\t\t\t\t\t\t<img width=\"1670\" height=\"975\" src=\"https:\/\/sanctaterra.com.mx\/wp-content\/uploads\/2022\/07\/invierte-en-sanctarerra-1.jpg\" class=\"attachment-full size-full\" alt=\"\" loading=\"lazy\" srcset=\"https:\/\/sanctaterra.com.mx\/wp-content\/uploads\/2022\/07\/invierte-en-sanctarerra-1.jpg 1670w, https:\/\/sanctaterra.com.mx\/wp-content\/uploads\/2022\/07\/invierte-en-sanctarerra-1-300x175.jpg 300w, https:\/\/sanctaterra.com.mx\/wp-content\/uploads\/2022\/07\/invierte-en-sanctarerra-1-1024x598.jpg 1024w, https:\/\/sanctaterra.com.mx\/wp-content\/uploads\/2022\/07\/invierte-en-sanctarerra-1-768x448.jpg 768w, https:\/\/sanctaterra.com.mx\/wp-content\/uploads\/2022\/07\/invierte-en-sanctarerra-1-1536x897.jpg 1536w, https:\/\/sanctaterra.com.mx\/wp-content\/uploads\/2022\/07\/invierte-en-sanctarerra-1-250x146.jpg 250w, https:\/\/sanctaterra.com.mx\/wp-content\/uploads\/2022\/07\/invierte-en-sanctarerra-1-50x29.jpg 50w, https:\/\/sanctaterra.com.mx\/wp-content\/uploads\/2022\/07\/invierte-en-sanctarerra-1-128x75.jpg 128w\" sizes=\"(max-width: 1670px) 100vw, 1670px\" \/>\t\t\t\t\t\t\t\t\t\t\t\t\t\t\t<\/div>\n\t\t\t\t<\/div>\n\t\t\t\t<div class=\"elementor-element elementor-element-9a7b7c0 elementor-widget elementor-widget-heading\" data-id=\"9a7b7c0\" data-element_type=\"widget\" data-widget_type=\"heading.default\">\n\t\t\t\t<div class=\"elementor-widget-container\">\n\t\t\t<style>\/*! elementor - v3.6.7 - 03-07-2022 *\/\n.elementor-heading-title{padding:0;margin:0;line-height:1}.elementor-widget-heading .elementor-heading-title[class*=elementor-size-]>a{color:inherit;font-size:inherit;line-height:inherit}.elementor-widget-heading .elementor-heading-title.elementor-size-small{font-size:15px}.elementor-widget-heading .elementor-heading-title.elementor-size-medium{font-size:19px}.elementor-widget-heading .elementor-heading-title.elementor-size-large{font-size:29px}.elementor-widget-heading .elementor-heading-title.elementor-size-xl{font-size:39px}.elementor-widget-heading .elementor-heading-title.elementor-size-xxl{font-size:59px}<\/style><h2 class=\"elementor-heading-title elementor-size-default\">Invierte con Nosotros<br><br><br><br><br><br><br><br><br>Agave<\/h2>\t\t<\/div>\n\t\t\t\t<\/div>\n\t\t\t\t\t<\/div>\n\t\t<\/div>\n\t\t\t\t\t\t\t<\/div>\n\t\t<\/section>\n\t\t\t\t<section class=\"elementor-section elementor-top-section elementor-element elementor-element-8529a2d elementor-section-stretched elementor-section-boxed elementor-section-height-default elementor-section-height-default\" data-id=\"8529a2d\" data-element_type=\"section\" data-settings=\"{&quot;stretch_section&quot;:&quot;section-stretched&quot;,&quot;background_background&quot;:&quot;classic&quot;}\">\n\t\t\t\t\t\t<div class=\"elementor-container elementor-column-gap-wider\">\n\t\t\t\t\t<div class=\"elementor-column elementor-col-100 elementor-top-column elementor-element elementor-element-9c7fdfd\" data-id=\"9c7fdfd\" data-element_type=\"column\">\n\t\t\t<div class=\"elementor-widget-wrap elementor-element-populated\">\n\t\t\t\t\t\t\t\t<div class=\"elementor-element elementor-element-2f8e8a8 elementor-widget elementor-widget-heading\" data-id=\"2f8e8a8\" data-element_type=\"widget\" data-widget_type=\"heading.default\">\n\t\t\t\t<div class=\"elementor-widget-container\">\n\t\t\t<h2 class=\"elementor-heading-title elementor-size-default\">Datos importantes<\/h2>\t\t<\/div>\n\t\t\t\t<\/div>\n\t\t\t\t\t<\/div>\n\t\t<\/div>\n\t\t\t\t\t\t\t<\/div>\n\t\t<\/section>\n\t\t\t\t<section class=\"elementor-section elementor-top-section elementor-element elementor-element-8bd4843 elementor-section-stretched elementor-section-boxed elementor-section-height-default elementor-section-height-default\" data-id=\"8bd4843\" data-element_type=\"section\" data-settings=\"{&quot;stretch_section&quot;:&quot;section-stretched&quot;,&quot;background_background&quot;:&quot;classic&quot;}\">\n\t\t\t\t\t\t<div class=\"elementor-container elementor-column-gap-wider\">\n\t\t\t\t\t<div class=\"elementor-column elementor-col-50 elementor-top-column elementor-element elementor-element-13570cb\" data-id=\"13570cb\" data-element_type=\"column\">\n\t\t\t<div class=\"elementor-widget-wrap elementor-element-populated\">\n\t\t\t\t\t\t\t\t<div class=\"elementor-element elementor-element-5cd8c52 elementor-widget elementor-widget-text-editor\" data-id=\"5cd8c52\" data-element_type=\"widget\" data-widget_type=\"text-editor.default\">\n\t\t\t\t<div class=\"elementor-widget-container\">\n\t\t\t<style>\/*! elementor - v3.6.7 - 03-07-2022 *\/\n.elementor-widget-text-editor.elementor-drop-cap-view-stacked .elementor-drop-cap{background-color:#818a91;color:#fff}.elementor-widget-text-editor.elementor-drop-cap-view-framed .elementor-drop-cap{color:#818a91;border:3px solid;background-color:transparent}.elementor-widget-text-editor:not(.elementor-drop-cap-view-default) .elementor-drop-cap{margin-top:8px}.elementor-widget-text-editor:not(.elementor-drop-cap-view-default) .elementor-drop-cap-letter{width:1em;height:1em}.elementor-widget-text-editor .elementor-drop-cap{float:left;text-align:center;line-height:1;font-size:50px}.elementor-widget-text-editor .elementor-drop-cap-letter{display:inline-block}<\/style>\t\t\t\t<p style=\"text-align: left;\"><span style=\"color: #f2f1f0;\">El agave tequilana weber es el agave que se utiliza para producir tequila, en los \u00faltimos 3 a\u00f1os el tequila ha tenido un crecimiento desbordado de toda realidad en un mercado potencial con mucha demanda, hablamos de estados unidos, a tal nivel que hoy el tequila desplazo al wisky como primer bebida espirituosa de mayor consumo por los americanos.<\/span><\/p><p>\u00a0<\/p><p>\u00a0<\/p>\t\t\t\t\t\t<\/div>\n\t\t\t\t<\/div>\n\t\t\t\t\t<\/div>\n\t\t<\/div>\n\t\t\t\t<div class=\"elementor-column elementor-col-50 elementor-top-column elementor-element elementor-element-2f9d007\" data-id=\"2f9d007\" data-element_type=\"column\">\n\t\t\t<div class=\"elementor-widget-wrap elementor-element-populated\">\n\t\t\t\t\t\t\t\t<div class=\"elementor-element elementor-element-5e6004e elementor-widget elementor-widget-text-editor\" data-id=\"5e6004e\" data-element_type=\"widget\" data-widget_type=\"text-editor.default\">\n\t\t\t\t<div class=\"elementor-widget-container\">\n\t\t\t\t\t\t\t<p style=\"text-align: left;\"><span style=\"color: #f2f1f0;\">Las razones pueden ser varias, pero lo que si podemos decir es que la industria del tequila hoy tiene mas difusi\u00f3n mayor alcance publicitario y es por mucho una bebida 100% mexicana que cuenta con denominaci\u00f3n de origen, mucho control de calidad y preferencia en paladares que est\u00e1n buscando nuevas experiencias.<\/span><\/p>\t\t\t\t\t\t<\/div>\n\t\t\t\t<\/div>\n\t\t\t\t<div class=\"elementor-element elementor-element-3873e60 elementor-widget elementor-widget-text-editor\" data-id=\"3873e60\" data-element_type=\"widget\" data-widget_type=\"text-editor.default\">\n\t\t\t\t<div class=\"elementor-widget-container\">\n\t\t\t\t\t\t\t\t\t\t\t\t\t<\/div>\n\t\t\t\t<\/div>\n\t\t\t\t\t<\/div>\n\t\t<\/div>\n\t\t\t\t\t\t\t<\/div>\n\t\t<\/section>\n\t\t\t\t<section class=\"elementor-section elementor-top-section elementor-element elementor-element-393ccda elementor-section-stretched elementor-section-boxed elementor-section-height-default elementor-section-height-default\" data-id=\"393ccda\" data-element_type=\"section\" data-settings=\"{&quot;stretch_section&quot;:&quot;section-stretched&quot;,&quot;background_background&quot;:&quot;classic&quot;}\">\n\t\t\t\t\t\t<div class=\"elementor-container elementor-column-gap-wider\">\n\t\t\t\t\t<div class=\"elementor-column elementor-col-100 elementor-top-column elementor-element elementor-element-f738a65\" data-id=\"f738a65\" data-element_type=\"column\">\n\t\t\t<div class=\"elementor-widget-wrap elementor-element-populated\">\n\t\t\t\t\t\t\t\t<div class=\"elementor-element elementor-element-8580f17 elementor-widget elementor-widget-text-editor\" data-id=\"8580f17\" data-element_type=\"widget\" data-widget_type=\"text-editor.default\">\n\t\t\t\t<div class=\"elementor-widget-container\">\n\t\t\t\t\t\t\t<p><span style=\"color: #ffffff;\">\u00bfCuanto volumen de agave se requiere sembrar para satisfacer la demanda del mercado.? El volumen puede ser inimaginable, pero la pregunta mas interesante es&#8230;<\/span><\/p><p><span style=\"color: #ffffff;\">\u00bfQuienes van a poder aprovechar la oportunidad e invertir en una plantaci\u00f3n de agave para venderles a todos los productores de tequila que hay en mexico.? Entonces\u2026.<\/span><br \/><span style=\"color: #ffffff;\">\u00bfC\u00f3mo puedes entrar el negocio del agave sin tener que invertir en tierras, infraestructura, maquinaria y equipo, personal operativo, etc, etc.<\/span><\/p>\t\t\t\t\t\t<\/div>\n\t\t\t\t<\/div>\n\t\t\t\t\t<\/div>\n\t\t<\/div>\n\t\t\t\t\t\t\t<\/div>\n\t\t<\/section>\n\t\t\t\t<section class=\"elementor-section elementor-top-section elementor-element elementor-element-0923a9c elementor-section-boxed elementor-section-height-default elementor-section-height-default\" data-id=\"0923a9c\" data-element_type=\"section\">\n\t\t\t\t\t\t<div class=\"elementor-container elementor-column-gap-default\">\n\t\t\t\t\t<div class=\"elementor-column elementor-col-100 elementor-top-column elementor-element elementor-element-2642b14\" data-id=\"2642b14\" data-element_type=\"column\">\n\t\t\t<div class=\"elementor-widget-wrap\">\n\t\t\t\t\t\t\t\t\t<\/div>\n\t\t<\/div>\n\t\t\t\t\t\t\t<\/div>\n\t\t<\/section>\n\t\t\t\t<section class=\"elementor-section elementor-top-section elementor-element elementor-element-3abd9c5 elementor-section-full_width elementor-section-stretched elementor-section-height-default elementor-section-height-default\" data-id=\"3abd9c5\" data-element_type=\"section\" data-settings=\"{&quot;stretch_section&quot;:&quot;section-stretched&quot;,&quot;background_background&quot;:&quot;classic&quot;}\">\n\t\t\t\t\t\t<div class=\"elementor-container elementor-column-gap-no\">\n\t\t\t\t\t<div class=\"elementor-column elementor-col-100 elementor-top-column elementor-element elementor-element-0d42cb9\" data-id=\"0d42cb9\" data-element_type=\"column\">\n\t\t\t<div class=\"elementor-widget-wrap elementor-element-populated\">\n\t\t\t\t\t\t\t\t<section class=\"elementor-section elementor-inner-section elementor-element elementor-element-c6525ce elementor-section-full_width elementor-section-height-default elementor-section-height-default\" data-id=\"c6525ce\" data-element_type=\"section\">\n\t\t\t\t\t\t<div class=\"elementor-container elementor-column-gap-no\">\n\t\t\t\t\t<div class=\"elementor-column elementor-col-100 elementor-inner-column elementor-element elementor-element-8793eb9\" data-id=\"8793eb9\" data-element_type=\"column\">\n\t\t\t<div class=\"elementor-widget-wrap elementor-element-populated\">\n\t\t\t\t\t\t\t\t<div class=\"elementor-element elementor-element-3891bad elementor-widget elementor-widget-mfn_slider\" data-id=\"3891bad\" data-element_type=\"widget\" data-widget_type=\"mfn_slider.default\">\n\t\t\t\t<div class=\"elementor-widget-container\">\n\t\t\t<div class=\"content_slider center\"><ul class=\"content_slider_ul\"><li class=\"content_slider_li_1\"><img width=\"1400\" height=\"739\" src=\"https:\/\/sanctaterra.com.mx\/wp-content\/uploads\/2022\/07\/hijuelos-del-agave.jpg\" class=\"scale-with-grid wp-post-image\" alt=\"\" loading=\"lazy\" srcset=\"https:\/\/sanctaterra.com.mx\/wp-content\/uploads\/2022\/07\/hijuelos-del-agave.jpg 1400w, https:\/\/sanctaterra.com.mx\/wp-content\/uploads\/2022\/07\/hijuelos-del-agave-300x158.jpg 300w, https:\/\/sanctaterra.com.mx\/wp-content\/uploads\/2022\/07\/hijuelos-del-agave-1024x541.jpg 1024w, https:\/\/sanctaterra.com.mx\/wp-content\/uploads\/2022\/07\/hijuelos-del-agave-768x405.jpg 768w, https:\/\/sanctaterra.com.mx\/wp-content\/uploads\/2022\/07\/hijuelos-del-agave-260x137.jpg 260w, https:\/\/sanctaterra.com.mx\/wp-content\/uploads\/2022\/07\/hijuelos-del-agave-50x26.jpg 50w, https:\/\/sanctaterra.com.mx\/wp-content\/uploads\/2022\/07\/hijuelos-del-agave-142x75.jpg 142w\" sizes=\"(max-width: 1400px) 100vw, 1400px\" \/><\/li><li class=\"content_slider_li_2\"><img width=\"1400\" height=\"739\" src=\"https:\/\/sanctaterra.com.mx\/wp-content\/uploads\/2022\/07\/hijos-de-agave.jpg\" class=\"scale-with-grid wp-post-image\" alt=\"\" loading=\"lazy\" srcset=\"https:\/\/sanctaterra.com.mx\/wp-content\/uploads\/2022\/07\/hijos-de-agave.jpg 1400w, https:\/\/sanctaterra.com.mx\/wp-content\/uploads\/2022\/07\/hijos-de-agave-300x158.jpg 300w, https:\/\/sanctaterra.com.mx\/wp-content\/uploads\/2022\/07\/hijos-de-agave-1024x541.jpg 1024w, https:\/\/sanctaterra.com.mx\/wp-content\/uploads\/2022\/07\/hijos-de-agave-768x405.jpg 768w, https:\/\/sanctaterra.com.mx\/wp-content\/uploads\/2022\/07\/hijos-de-agave-260x137.jpg 260w, https:\/\/sanctaterra.com.mx\/wp-content\/uploads\/2022\/07\/hijos-de-agave-50x26.jpg 50w, https:\/\/sanctaterra.com.mx\/wp-content\/uploads\/2022\/07\/hijos-de-agave-142x75.jpg 142w\" sizes=\"(max-width: 1400px) 100vw, 1400px\" \/><\/li><li class=\"content_slider_li_3\"><img width=\"1400\" height=\"739\" src=\"https:\/\/sanctaterra.com.mx\/wp-content\/uploads\/2022\/07\/agavesss.jpg\" class=\"scale-with-grid wp-post-image\" alt=\"\" loading=\"lazy\" srcset=\"https:\/\/sanctaterra.com.mx\/wp-content\/uploads\/2022\/07\/agavesss.jpg 1400w, https:\/\/sanctaterra.com.mx\/wp-content\/uploads\/2022\/07\/agavesss-300x158.jpg 300w, https:\/\/sanctaterra.com.mx\/wp-content\/uploads\/2022\/07\/agavesss-1024x541.jpg 1024w, https:\/\/sanctaterra.com.mx\/wp-content\/uploads\/2022\/07\/agavesss-768x405.jpg 768w, https:\/\/sanctaterra.com.mx\/wp-content\/uploads\/2022\/07\/agavesss-260x137.jpg 260w, https:\/\/sanctaterra.com.mx\/wp-content\/uploads\/2022\/07\/agavesss-50x26.jpg 50w, https:\/\/sanctaterra.com.mx\/wp-content\/uploads\/2022\/07\/agavesss-142x75.jpg 142w\" sizes=\"(max-width: 1400px) 100vw, 1400px\" \/><\/li><\/ul><div class=\"slider_pager slider_pagination\"><\/div><\/div>\n\t\t<\/div>\n\t\t\t\t<\/div>\n\t\t\t\t\t<\/div>\n\t\t<\/div>\n\t\t\t\t\t\t\t<\/div>\n\t\t<\/section>\n\t\t\t\t\t<\/div>\n\t\t<\/div>\n\t\t\t\t\t\t\t<\/div>\n\t\t<\/section>\n\t\t\t\t<section class=\"elementor-section elementor-top-section elementor-element elementor-element-548d0bb elementor-section-stretched elementor-section-boxed elementor-section-height-default elementor-section-height-default\" data-id=\"548d0bb\" data-element_type=\"section\" data-settings=\"{&quot;stretch_section&quot;:&quot;section-stretched&quot;,&quot;background_background&quot;:&quot;classic&quot;}\">\n\t\t\t\t\t\t<div class=\"elementor-container elementor-column-gap-wider\">\n\t\t\t\t\t<div class=\"elementor-column elementor-col-100 elementor-top-column elementor-element elementor-element-e0f67bc\" data-id=\"e0f67bc\" data-element_type=\"column\">\n\t\t\t<div class=\"elementor-widget-wrap elementor-element-populated\">\n\t\t\t\t\t\t\t\t<section class=\"elementor-section elementor-inner-section elementor-element elementor-element-60df721 elementor-section-boxed elementor-section-height-default elementor-section-height-default\" data-id=\"60df721\" data-element_type=\"section\" data-settings=\"{&quot;background_background&quot;:&quot;classic&quot;}\">\n\t\t\t\t\t\t<div class=\"elementor-container elementor-column-gap-default\">\n\t\t\t\t\t<div class=\"elementor-column elementor-col-100 elementor-inner-column elementor-element elementor-element-65f479d\" data-id=\"65f479d\" data-element_type=\"column\">\n\t\t\t<div class=\"elementor-widget-wrap elementor-element-populated\">\n\t\t\t\t\t\t\t\t<div class=\"elementor-element elementor-element-430582d elementor-widget elementor-widget-text-editor\" data-id=\"430582d\" data-element_type=\"widget\" data-widget_type=\"text-editor.default\">\n\t\t\t\t<div class=\"elementor-widget-container\">\n\t\t\t\t\t\t\t<h2 style=\"text-align: center;\">Esquema de Negocio<\/h2>\t\t\t\t\t\t<\/div>\n\t\t\t\t<\/div>\n\t\t\t\t\t<\/div>\n\t\t<\/div>\n\t\t\t\t\t\t\t<\/div>\n\t\t<\/section>\n\t\t\t\t<section class=\"elementor-section elementor-inner-section elementor-element elementor-element-c65bf7a elementor-section-boxed elementor-section-height-default elementor-section-height-default\" data-id=\"c65bf7a\" data-element_type=\"section\" data-settings=\"{&quot;background_background&quot;:&quot;classic&quot;}\">\n\t\t\t\t\t\t<div class=\"elementor-container elementor-column-gap-default\">\n\t\t\t\t\t<div class=\"elementor-column elementor-col-100 elementor-inner-column elementor-element elementor-element-f6cd00e\" data-id=\"f6cd00e\" data-element_type=\"column\">\n\t\t\t<div class=\"elementor-widget-wrap elementor-element-populated\">\n\t\t\t\t\t\t\t\t<div class=\"elementor-element elementor-element-2b0c124 elementor-drop-cap-yes elementor-drop-cap-view-stacked elementor-widget elementor-widget-text-editor\" data-id=\"2b0c124\" data-element_type=\"widget\" data-settings=\"{&quot;drop_cap&quot;:&quot;yes&quot;}\" data-widget_type=\"text-editor.default\">\n\t\t\t\t<div class=\"elementor-widget-container\">\n\t\t\t\t\t\t\t<p>Sancta terra tiene actualmente m\u00e1s 120 mil metros cuadrados sembrados con agave tequilana weber y estamos trabajando el acondicionamiento en un nuevo predio de 75 mil metros cuadrados adicionales para expandir nuestra capacidad de producci\u00f3n.<\/p>\t\t\t\t\t\t<\/div>\n\t\t\t\t<\/div>\n\t\t\t\t<div class=\"elementor-element elementor-element-fcd2a3d elementor-widget elementor-widget-text-editor\" data-id=\"fcd2a3d\" data-element_type=\"widget\" data-widget_type=\"text-editor.default\">\n\t\t\t\t<div class=\"elementor-widget-container\">\n\t\t\t\t\t\t\t<h2 style=\"text-align: center;\">Comprar<\/h2>\t\t\t\t\t\t<\/div>\n\t\t\t\t<\/div>\n\t\t\t\t<div class=\"elementor-element elementor-element-c1b8418 elementor-widget elementor-widget-text-editor\" data-id=\"c1b8418\" data-element_type=\"widget\" data-widget_type=\"text-editor.default\">\n\t\t\t\t<div class=\"elementor-widget-container\">\n\t\t\t\t\t\t\t<p><\/p>\n<p>Puedes comprar las plantas de agave y pagar por el mantenimiento durante el tiempo que el agave requiere crecer para poder ser jimado y vendido, de tal manera que no requieres un alto nivel de inversi\u00f3n, ni tiempo para atender tus plantas de agave, nosotros lo hacemos por ti.<\/p>\t\t\t\t\t\t<\/div>\n\t\t\t\t<\/div>\n\t\t\t\t<div class=\"elementor-element elementor-element-582219b elementor-widget elementor-widget-text-editor\" data-id=\"582219b\" data-element_type=\"widget\" data-widget_type=\"text-editor.default\">\n\t\t\t\t<div class=\"elementor-widget-container\">\n\t\t\t\t\t\t\t<h2 style=\"text-align: center;\">Vender<\/h2>\t\t\t\t\t\t<\/div>\n\t\t\t\t<\/div>\n\t\t\t\t<div class=\"elementor-element elementor-element-8a2dbc0 elementor-widget elementor-widget-text-editor\" data-id=\"8a2dbc0\" data-element_type=\"widget\" data-widget_type=\"text-editor.default\">\n\t\t\t\t<div class=\"elementor-widget-container\">\n\t\t\t\t\t\t\t<p>\u00a0<\/p><p>.<\/p><p>Posteriormente cuando el agave alcance su maduraci\u00f3n total y\u00a0 realicemos la jima se vendera todo el\u00a0 producto, nosotros recibiremos \u00fanicamente el 20% del valor total de la venta alcanzada, el inversionista tendr\u00e1 el retorno de su inversi\u00f3n mas el 80% de la utilidad generada,\u00a0 alcanzado hasta un 400% de rendimiento\u00a0 sobre su inversi\u00f3n inicial.<\/p>\t\t\t\t\t\t<\/div>\n\t\t\t\t<\/div>\n\t\t\t\t<div class=\"elementor-element elementor-element-a642e40 elementor-widget elementor-widget-heading\" data-id=\"a642e40\" data-element_type=\"widget\" data-widget_type=\"heading.default\">\n\t\t\t\t<div class=\"elementor-widget-container\">\n\t\t\t<h3 class=\"elementor-heading-title elementor-size-default\">Tabla de Inversi\u00f3n y rendimiento<\/h3>\t\t<\/div>\n\t\t\t\t<\/div>\n\t\t\t\t<div class=\"elementor-element elementor-element-3b51c5a elementor-widget elementor-widget-image\" data-id=\"3b51c5a\" data-element_type=\"widget\" data-widget_type=\"image.default\">\n\t\t\t\t<div class=\"elementor-widget-container\">\n\t\t\t\t\t\t\t\t\t\t\t\t\t\t\t<img width=\"635\" height=\"101\" src=\"https:\/\/sanctaterra.com.mx\/wp-content\/uploads\/2022\/07\/i\u0301ndice.jpg\" class=\"attachment-large size-large\" alt=\"\" loading=\"lazy\" srcset=\"https:\/\/sanctaterra.com.mx\/wp-content\/uploads\/2022\/07\/i\u0301ndice.jpg 635w, https:\/\/sanctaterra.com.mx\/wp-content\/uploads\/2022\/07\/i\u0301ndice-300x48.jpg 300w, https:\/\/sanctaterra.com.mx\/wp-content\/uploads\/2022\/07\/i\u0301ndice-260x41.jpg 260w, https:\/\/sanctaterra.com.mx\/wp-content\/uploads\/2022\/07\/i\u0301ndice-50x8.jpg 50w, https:\/\/sanctaterra.com.mx\/wp-content\/uploads\/2022\/07\/i\u0301ndice-150x24.jpg 150w\" sizes=\"(max-width: 635px) 100vw, 635px\" \/>\t\t\t\t\t\t\t\t\t\t\t\t\t\t\t<\/div>\n\t\t\t\t<\/div>\n\t\t\t\t<div class=\"elementor-element elementor-element-4fb6229 elementor-widget elementor-widget-text-editor\" data-id=\"4fb6229\" data-element_type=\"widget\" data-widget_type=\"text-editor.default\">\n\t\t\t\t<div class=\"elementor-widget-container\">\n\t\t\t\t\t\t\t<p><\/p>\n<p>.<\/p>\n<p>Sancta terra SAPI de CV. protege tu inversion mediante un contrato notariado que garantiza el cumplimiento de las condiciones establecidas en este esquema de negocio, adicional a esto, contamos con un seguro para proteger los cultivos, y garantizar la producci\u00f3n de tus plantas <br><br>Puedes Contactarnos o enviarnos un correo solicitando informaci\u00f3n sobres este esquema de inversi\u00f3n.<\/p>\t\t\t\t\t\t<\/div>\n\t\t\t\t<\/div>\n\t\t\t\t<div class=\"elementor-element elementor-element-c0e5e41 elementor-widget elementor-widget-spacer\" data-id=\"c0e5e41\" data-element_type=\"widget\" data-widget_type=\"spacer.default\">\n\t\t\t\t<div class=\"elementor-widget-container\">\n\t\t\t<style>\/*! elementor - v3.6.7 - 03-07-2022 *\/\n.e-container.e-container--row .elementor-spacer-inner{width:var(--spacer-size)}.e-container.e-container--column .elementor-spacer-inner,.elementor-column .elementor-spacer-inner{height:var(--spacer-size)}<\/style>\t\t<div class=\"elementor-spacer\">\n\t\t\t<div class=\"elementor-spacer-inner\"><\/div>\n\t\t<\/div>\n\t\t\t\t<\/div>\n\t\t\t\t<\/div>\n\t\t\t\t\t<\/div>\n\t\t<\/div>\n\t\t\t\t\t\t\t<\/div>\n\t\t<\/section>\n\t\t\t\t\t<\/div>\n\t\t<\/div>\n\t\t\t\t\t\t\t<\/div>\n\t\t<\/section>\n\t\t\t\t<section class=\"elementor-section elementor-top-section elementor-element elementor-element-54728a1 elementor-section-boxed elementor-section-height-default elementor-section-height-default\" data-id=\"54728a1\" data-element_type=\"section\">\n\t\t\t\t\t\t<div class=\"elementor-container elementor-column-gap-default\">\n\t\t\t\t\t<div class=\"elementor-column elementor-col-100 elementor-top-column elementor-element elementor-element-362ae97\" data-id=\"362ae97\" data-element_type=\"column\">\n\t\t\t<div class=\"elementor-widget-wrap\">\n\t\t\t\t\t\t\t\t\t<\/div>\n\t\t<\/div>\n\t\t\t\t\t\t\t<\/div>\n\t\t<\/section>\n\t\t\t\t\t\t\t<\/div>\n\t\t","protected":false},"excerpt":{"rendered":"<p>Invierte con Nosotros Agave Datos importantes El agave tequilana weber es el agave que se utiliza para producir tequila, en los \u00faltimos 3 a\u00f1os el tequila<span class=\"excerpt-hellip\"> [\u2026]<\/span><\/p>\n","protected":false},"author":2,"featured_media":0,"parent":0,"menu_order":0,"comment_status":"closed","ping_status":"closed","template":"","meta":[],"_links":{"self":[{"href":"https:\/\/sanctaterra.com.mx\/index.php\/wp-json\/wp\/v2\/pages\/409"}],"collection":[{"href":"https:\/\/sanctaterra.com.mx\/index.php\/wp-json\/wp\/v2\/pages"}],"about":[{"href":"https:\/\/sanctaterra.com.mx\/index.php\/wp-json\/wp\/v2\/types\/page"}],"author":[{"embeddable":true,"href":"https:\/\/sanctaterra.com.mx\/index.php\/wp-json\/wp\/v2\/users\/2"}],"replies":[{"embeddable":true,"href":"https:\/\/sanctaterra.com.mx\/index.php\/wp-json\/wp\/v2\/comments?post=409"}],"version-history":[{"count":104,"href":"https:\/\/sanctaterra.com.mx\/index.php\/wp-json\/wp\/v2\/pages\/409\/revisions"}],"predecessor-version":[{"id":1015,"href":"https:\/\/sanctaterra.com.mx\/index.php\/wp-json\/wp\/v2\/pages\/409\/revisions\/1015"}],"wp:attachment":[{"href":"https:\/\/sanctaterra.com.mx\/index.php\/wp-json\/wp\/v2\/media?parent=409"}],"curies":[{"name":"wp","href":"https:\/\/api.w.org\/{rel}","templated":true}]}}